*t + 2. What is the hundreds digit of a(-2)?
1
Let k be 47/3 + (-4)/6. Suppose 3*n = 3*o - k, 4*n - o - 2 = -28. Let u = n - -10. What is the units digit of u?
3
Let l(t) = -t**3 + 8*t**2 - 7*t + 5. Let v be l(7). Suppose -6*o = -v*o - 5. Suppose 3*y - d = y + 3, o*y = -d + 25. What is the units digit of y?
4
Let i = 184 - 13. What is the hundreds digit of i?
1
Let p(i) = i**2 + i + 35. Let b be ((0/(-3))/(-3))/3. What is the tens digit of p(b)?
3
Let r be (4/8)/((-1)/(-2)). Let s be r + (1 - (0 + 2)). What is the units digit of (0 - s) + 12/4?
3
Let s(a) = 13*a + 4. Let p be s(4). Suppose p = 3*j - j. What is the units digit of j?
8
Let a = -4 + 6. What is the units digit of 10 + a/(-4)*-2?
1
What is the units digit of (-257)/(-7) + 4/14?
7
Suppose 18 = -i + 4*i + 4*k, -4*i + 2 = -2*k. Suppose 32 = 2*g - 2*n, g + 4*n - i*n = 31. What is the tens digit of g?
2
Let x(m) = -m**3 - 13*m**2 - 10*m - 29. What is the hundreds digit of x(-13)?
1
Let z be (-80)/(-13) - (-28)/(-182). Suppose 2*o = 3*a + 7*o - 52, -3*o + z = -a. What is the units digit of a?
9
Suppose -10 = -4*f + 3*y + 9, 5*f = -4*y + 16. Suppose -f*z = -70 - 34. Suppose 0 = 3*n - 3*l - 7 + 1, -z = -3*n - l. What is the units digit of n?
7
Let x(q) = q**3 - 4*q**2 - 6*q + 10. What is the units digit of x(5)?
5
What is the units digit of (21/3 + -2)/1?
5
Let v(k) = -6*k**3 - 3*k**2 + 4*k - 2. Let g be v(2). Let u = -16 - g. What is the units digit of u?
8
Let d be 1 - (-4 + 6 + -4). What is the units digit of (-323)/(-57) + (-2)/d?
5
Let p(q) = -q + 8. What is the units digit of p(4)?
4
Suppose -z + 2 = 2*r, 5*r = -2*z + 4 - 1. Let h = z - 1. What is the units digit of h?
3
Let r be (11 - 0/2)/(-1). Suppose 10 - 110 = 5*i. Let l = r - i. What is the units digit of l?
9
Suppose -2*l + 4*f + 84 = 0, 4*f - 5*f - 1 = 0. What is the units digit of l?
0
Let j be (15/(-2))/(4/(-16)). Suppose 2*c - j = -8. What is the tens digit of c?
1
Let i(u) = -2*u + 6. Let d(y) = 2*y - 5. Suppose 4*f - 3 = 5*f. Let o(l) = f*d(l) - 4*i(l). What is the units digit of o(7)?
5
Suppose -15 = -4*p + 25. Suppose 5*b - p = 3*b. What is the units digit of b?
5
Suppose -2 + 1 = -f. Let z be 1/2*2 - f. Suppose 3*o - 30 = -z*o. What is the units digit of o?
0
Suppose b = -5*x + 898, -3*x + 3*b + 0*b + 546 = 0. What is the hundreds digit of x?
1
Let t = 166 - 123. What is the units digit of t?
3
Suppose 2*o + 2*o + 16 = 0, 4*o = -4*a. Suppose 20 = -5*r, 25 = a*v - 5*r - 3. Suppose 2*m - 8 = v. What is the units digit of m?
5
Let p be (-1 + 8/(-6))*-3. Suppose -3*b - 89 = -5*g, -2*g - 3*b + p*b + 44 = 0. What is the units digit of g?
6
Let g be 0 + (-2 - -5 - 3). Suppose -5*n = -20, -5*b + 0*b - 2*n + 63 = g. What is the units digit of b?
1
Suppose -3*p = -3, 5*f - 5*p + 0*p = 170. What is the units digit of f?
5
Let r be (-38)/8 - (-4)/(-16). Let w = -3 - r. Suppose 0 = -2*z - 4, z + 12 + 10 = w*n. What is the units digit of n?
0
Suppose h + 6 = 29. What is the units digit of h?
3
Suppose -3*k + 69 = -21. What is the units digit of k?
0
Let c = 42 - -31. Let z = -50 + c. Suppose 4*a = p - 25, 2*p = p + 3*a + z. What is the units digit of p?
7
Let y be ((-15)/(-20))/((-2)/(-200)). Let v(h) = -h**3 + 6*h**2 + h - 4. Let b be v(6). Suppose -b*q - 3*q = -y. What is the tens digit of q?
1
Let l(a) = a**2 - 12*a + 13. Let j be l(11). Let o(v) = v**3 + 4*v**2 + v - 4. Let h be o(-3). What is the units digit of -1 + (j - (h + -10))?
9
Let h be -2 - -1*15/3. Suppose h*p = p. Suppose 24 = 4*j + s, 0 = -p*j + j - 4*s - 23. What is the units digit of j?
7
Let s(w) = -w**3 + 10*w**2 - 9*w + 2. Suppose 0 = -h + 3*h - 18. What is the units digit of s(h)?
2
Let t(p) = p**3 + 4*p**2 + 3*p + 1. Let r be t(-2). Let w = 2 - r. Let x = w + 4. What is the units digit of x?
3
Suppose -4*j + j = 0. Let y(v) = -v**2 - 2*v + 2. Let x be y(0). Suppose j = 3*z - 8 + x. What is the units digit of z?
2
Let f(p) = p**3 + 8*p**2 + 6*p - 1. Let b be f(-5). Suppose -8 = 4*t - b. What is the units digit of t?
9
Let v(y) = -2*y + 10. What is the tens digit of v(-7)?
2
Let i(a) = a**2 - 4*a - 10. What is the units digit of i(7)?
1
Suppose -2*q + 2*k - 2 = 0, 2*q + 0*q + 5*k = -30. Let n be (q/(-4) - 2)*-12. Suppose 5 + 12 = z + 5*a, z - n = -a. What is the units digit of z?
7
What is the units digit of 2236/10 - (-10)/25?
4
Suppose 5*a + 12*a = 6035. What is the tens digit of a?
5
Let r(m) = -m - 1. Let a(f) = -f**3 - 5*f**2 + f + 3. Let z be a(-5). Let s be r(z). Suppose -3*d + 2*d + s = 0. What is the units digit of d?
1
Suppose 3*j + 3*h - 19 - 38 = 0, -48 = -2*j + 3*h. What is the units digit of j?
1
Suppose 4*q + 2*a + 3*a = 4, 5*a = -3*q - 2. What is the units digit of (-76 - q)*(-1)/2?
1
What is the tens digit of ((-1089)/6 + -6)*2/(-3)?
2
Let s = -1 - -3. Suppose 10 + 12 = s*l. What is the tens digit of l?
1
What is the tens digit of (-149)/(2 + -4 + 1)?
4
Let c(f) = f**2 - 6*f + 2. Let t = -3 - -6. Suppose -5*x = -0*l - 5*l + 25, 0 = -t*x + 3. What is the units digit of c(l)?
2
Let v(o) = o**3 - 3*o**2 - 7*o + 7. Suppose -j + 19 = 5*d - 11, 5*d - 40 = -3*j. What is the units digit of v(j)?
2
Suppose 4*j + 546 = 11*j. What is the units digit of j?
8
Suppose 7 = -q - 4*o + 45, o + 94 = 2*q. What is the units digit of q?
6
Let n = -11 - -2. Suppose 0*o - o - 4 = 4*g, 5*g = 5. What is the units digit of (-132)/n - o/(-12)?
4
Suppose -10 + 6 = -y, -154 = -3*h - y. What is the tens digit of h?
5
Let k(i) = 318*i**2. Let m be k(-1). Suppose -98 = 5*w - m. What is the units digit of w?
4
Suppose -r + 6 = 6*g - 5*g, 4*g - 3*r + 4 = 0. Suppose g*k = -k + 72. What is the units digit of k?
4
Let k(c) = c**2 + 2*c + 10. Let j be k(0). Suppose 4*b - 45 = v - 6*v, v + b - j = 0. What is the units digit of v?
5
Suppose 2*p - 11 = p + t, 34 = 2*p + t. What is the units digit of p?
5
Let k(m) = 2*m**3 - 3*m**2 - 9*m - 2. Let a be k(4). Suppose 0 = -5*u - 3*p + 159, u - 3*p = -7*p + a. What is the tens digit of u?
3
Let n(s) = -2*s - 4. Suppose 2*g + 0 + 6 = 0. Let w be n(g). What is the units digit of w/(3 + -2) - -3?
5
What is the tens digit of (-159)/((-60)/16 - -3)?
1
Let t(v) = -v**2 + 3*v - 1. Let w(o) = o**2 - 3*o. Let q(a) = -3*t(a) - 2*w(a). Let i be q(2). Let n(p) = 8*p. What is the units digit of n(i)?
8
Let a(r) = -r + 1. Let d be a(3). Let q(u) = u**2 - 2. Let l be q(d). Suppose -x + 10 = l. What is the units digit of x?
8
Suppose 127 = 3*k - 170. What is the tens digit of k?
9
Suppose 5*b + 350 = 7*y - 2*y, -5*y + 322 = 2*b. What is the tens digit of y?
6
Let j(v) = -5*v - 3. Let k(a) = 6*a + 3. Let p(o) = 5*j(o) + 4*k(o). Let m be p(0). What is the units digit of 14/6 - m/(-9)?
2
Let i(j) = -1 - 2*j + 0 + j**2 + 0*j. Let u be i(3). Suppose 0 = v + u*v - 9. What is the units digit of v?
3
Let y(x) = -4*x - 6 + 0*x + x + x. Let z be y(-5). What is the tens digit of z/14 + (-744)/(-42)?
1
Let h(r) = r + 1. Let t = 9 - 6. Let i be h(t). Suppose 2*y - 6 = 4*b, -9 = y - i*y + 3*b. What is the units digit of y?
3
Suppose -14 = -4*c + 2. Let q(n) = -n**3 + 5*n**2 - 3*n + 3. What is the units digit of q(c)?
7
Suppose 5*y + 239 = 3*a - 15, 4*y = 3*a - 256. Suppose a = 5*s - s. What is the tens digit of s?
2
Let f = 251 + -166. What is the tens digit of f?
8
Let v(j) = -j**2 + 2*j + 1. Let f be v(-1). Suppose -2*h - 8 = 0, -3*t + t - 5*h - 24 = 0. What is the units digit of -4 - f - (-11 - t)?
7
Suppose -5 = 3*t - 2. Let u be (6/3 - t) + -2. Suppose -6 - u = -d. What is the units digit of d?
7
Let o(w) = w + 11. Let k be o(-10). Let g be (1 - 0)*(2 + k). Let h(s) = -s**3 + 3*s**2 + 4*s. What is the tens digit of h(g)?
1
Let o = 2 - 1. Let j(s) = -s**3 - 3*s**2 + 6*s - 2. Let k be j(-5). What is the units digit of (k/(-21))/(o/(-7))?
6
Suppose 0 = -3*n - 24 + 69. Let o be 50/6 + 10/n. Let h = -4 + o. What is the units digit of h?
5
Let w(d) = -d**2 + 10. Let v = 3 - 3. Let a be w(v). Let z(b) = -b + 14. What is the units digit of z(a)?
4
Suppose 3*s + 0*s - 18 = 2*w, 5*w + 19 = s. Suppose s*q = 3 + 5. What is the units digit of (-23)/(-4) - q/(-8)?
6
Let f = 1 + 2. Let v(c) = f + c**2 - 2*c**2 - 2 + 6*c. What is the units digit of v(4)?
9
Let k be (0 - (-6)/(-4))*-2. Let o(u) = -u**3 + 3*u**2 + 2*u - 3. Let t be o(k). Suppose 2*n = t*n - 2. What is the unit